127, 4*m - v = 9. Is j a prime number?
False
Suppose -4*k + 5*w = -148135 - 3986, 5*w + 5 = 0. Is k composite?
True
Suppose 5*g = -3*i + 108925, 13*g = 9*g - 2*i + 87140. Let d = g - 11014. Is d a prime number?
True
Let n(q) = -1573 + 1614 - 4*q - 80*q. Is n(-3) a composite number?
False
Suppose -101*h - 2988130 = -128*h + 892067. Is h a composite number?
False
Suppose 0*o = 7*o - 4739. Suppose -3*x + 3*v + o = 7*v, -5*x = -2*v - 1111. Is x prime?
True
Let d = -4884565 - -7109570. Is d composite?
True
Let b(g) = 233*g**3 + 5*g**2 + 17*g + 10. Is b(7) composite?
True
Is -661492*(2/(-14) - 0)*(-329)/(-188) composite?
True
Let v be (5*(-1)/(-5))/(9/9). Is 274280/(-3 + 11)*v a prime number?
False
Let u = -34832 - -62376. Suppose -4*a + u + 2908 = 0. Is a composite?
True
Suppose 4*o - 59880 = -a, 31 - 19 = 3*a. Is o composite?
False
Suppose 16 = -35*n + 31*n, 4*n = -i - 3943. Let k = 15874 + i. Is k prime?
False
Let u(m) = 5*m**2 - 4*m + 10. Let n be 2 + (1/(-2) - (-38)/(-4)). Let a be u(n). Suppose -a - 155 = -o. Is o prime?
False
Suppose -5*k = f + 5, 0 = -5*f + 2*f + 3*k + 21. Suppose 53 = 4*a + f*s + 8, -4*a - 4*s = -40. Suppose a*p + 902 = j, -p + 0*p = 3. Is j a composite number?
False
Let f(d) = d**2 - 8*d + 11. Let p be f(7). Suppose -2*z - 31510 = -p*z + 3*r, 0 = 2*r - 8. Is z a prime number?
True
Suppose s + 1297 = 2*p, 2*p + 0*p = 2*s + 1300. Is p a composite number?
False
Suppose 330688 = 19*y - 14*y + 3*u, -132279 = -2*y - 5*u. Is y a composite number?
False
Let q = 493 - 472. Suppose -q*f = -14*f - 4109. Is f composite?
False
Let j(a) = a**3 + 7*a**2 - 9*a - 5. Let y be j(-8). Let m(s) = 347*s**2 - 3*s + 8. Let i be m(y). Suppose -q + 2*q = 2, 5*f = 4*q + i. Is f a composite number?
True
Suppose 5*i - 595815 = 5*z, 9*i - 13*i - 3*z = -476624. Is i prime?
True
Suppose -5*p = -54 + 74. Let m(h) be the third derivative of -7*h**4/6 - 3*h**3/2 - 5*h**2. Is m(p) composite?
False
Is -3*(-222)/(-27)*(5 + (-6843)/6) prime?
False
Suppose 0 = 52*o - 1426508 - 81960. Is o a prime number?
True
Let d = -104 + 99. Let m(x) = -4*x**3 - 4*x**2 - 11*x + 3. Is m(d) prime?
False
Suppose -70*n + 14146992 = 74*n. Is n a prime number?
False
Let s = -61870 - -135839. Is s composite?
True
Let d(g) = 156*g**2 - g + 7. Let p be d(-3). Let j = p + -773. Suppose 8*t - 625 = 5*t + 4*i, 0 = 3*t + 4*i - j. Is t composite?
False
Is (-550)/(-770) - (-975774)/7 a prime number?
True
Suppose 9 + 16 = 5*a. Suppose -a = -5*z + 20. Suppose 0 = 3*u - z*i - 2179, 2295 = 3*u + 3*i + 84. Is u prime?
True
Let s = 84200 + 173. Is s composite?
True
Suppose -5*l + 29 - 4 = 0. Let h(d) be the third derivative of d**6/60 + d**5/60 - d**4/6 + 2*d**3/3 + 39*d**2. Is h(l) prime?
False
Let y = 9 + -3. Let v(o) = -2*o - 1 + 16*o**2 + 11*o**2 - 3 - y*o**2. Is v(-3) prime?
True
Let c(g) = 16*g - 5997. Let f be c(0). Let y = 9218 + f. Is y composite?
False
Let q(b) = b**3 + b**2 + 6*b - 3. Let p be q(-6). Let j be 676/((-24)/(-6) + -6). Let o = p - j. Is o a composite number?
True
Suppose 3*r = -2*y + 3028, -5*y + 9*r - 7*r + 7532 = 0. Let q = y - 919. Is q a composite number?
True
Suppose -4*i + 5*o = -1216982, -4*o + 202984 = 2*i - 405546. Is i a composite number?
False
Suppose 48*y - 42418558 = -134*y. Is y a composite number?
False
Let n(j) be the first derivative of 12*j + 17/3*j**3 - 3*j**2 - 2. Is n(5) prime?
False
Let t = 111444 + -71293. Is t a composite number?
False
Is 64235 + (6050/25)/(-11) composite?
True
Let k(q) = -14*q**3 - 13*q**2 - 29*q + 19. Let c(d) = -5*d**3 - 5*d**2 - 10*d + 6. Let o(z) = 11*c(z) - 4*k(z). Is o(21) a composite number?
True
Suppose l = -2*j - 15 - 6, 0 = 4*l + 2*j + 78. Is 15 + l - 9405/(-3) a prime number?
False
Let z = 103 - 98. Let q be 14312/12 - z/(30/4). Let t = -305 + q. Is t a composite number?
False
Let y(x) = -9*x + 3*x**3 - 8*x**2 - 10*x - x**3 - 3*x**3 - 5. Let b(q) = -q**2 + 17*q - 9. Let c be b(17). Is y(c) a prime number?
False
Let c be -19 - ((-6)/2 + 1 + -2). Let w be 53518/c - (-18)/(-135). Let v = -2255 - w. Is v composite?
True
Let p(c) be the third derivative of 277*c**5/60 + c**4/8 + c**3/6 - 49*c**2. Is p(3) a prime number?
True
Let k(q) = 6*q + 133. Let v be k(-18). Let z(y) = 312*y - 31. Is z(v) a composite number?
True
Let l(c) = -484*c + 3443. Is l(-39) a composite number?
True
Let v be -10*((-19)/5 + 3). Suppose -a + v = 2. Let j(l) = 9*l**2 - 2*l + 19. Is j(a) prime?
True
Suppose 16 = 5*m + 1. Suppose -m*i = a - 15925, 4*i = -i + 4*a + 26553. Is i a composite number?
False
Suppose -406*h + 518730 = -391*h. Is h a prime number?
False
Let q(b) = 93*b**2 - 90*b + 86. Is q(17) a prime number?
False
Let k(s) = 2*s**2 + 2*s + 19. Let v(n) = -n**3 - 11*n**2 + 12*n - 6. Let t be v(-12). Let a be 7/3*(t - -3). Is k(a) composite?
False
Suppose 0*g = 4*g, -5*t - 5 = -5*g. Let x be ((-8130)/(-45))/(t/(-3)). Let z = 1027 - x. Is z a prime number?
False
Let h(x) = -26*x + 58. Let n be h(2). Suppose -31*z + 35975 = -n*z. Is z composite?
False
Let n be 4103*108/(-10) - 38/(-95). Let j = 64247 + n. Is 8/(-28) + j/21 a composite number?
True
Suppose 185*z + 9011894 = 225635979. Is z composite?
False
Let h(d) = 537*d**3 + 2*d + 1. Let g be h(-1). Let i be 2/((-1616)/g + -3). Let m = -247 + i. Is m composite?
True
Let j be 1/(2 + (-455)/225). Let y be (15506/(-10) + -1)/((-9)/j). Is (-2 - 7/(-3))/((-6)/y) a prime number?
True
Suppose -6*t + 33871 = -4085. Is t composite?
True
Suppose 28*u = u + 108. Suppose 3*q + u*o = 23389, 5*q - 5*o + 2*o - 38972 = 0. Is q a prime number?
False
Suppose -j - 4*b + 57219 = -2*b, 5*j = -3*b + 286060. Is j prime?
False
Suppose 44*j - 35 = -255. Is -3 + j + 3 - -10564 composite?
False
Suppose -59*x = 852539 - 11802054. Is x a prime number?
False
Suppose -44 = -5*a - 4. Let q be 4/(-16) + (50/a - 0). Suppose 0 = 2*h - q, 3*i - 7*i = -h - 4549. Is i a composite number?
True
Let v = 40 - 44. Let q be (1/8*v)/(2/24). Is (-10802)/q + 8/12 a composite number?
False
Let l(g) = 7*g**3 - 3*g**2 - 12*g - 19. Let a be l(-2). Is ((-42)/a)/((-4)/(-102210)) a prime number?
False
Let j be 29/87 - (-128694)/(-9). Let z = -6510 - j. Is z prime?
True
Let f(r) = 268*r - 40. Let q be (-15)/(-2) + (-6)/(-12). Let j be f(q). Is j/8*2/2 a prime number?
True
Suppose 5*v = 4074 + 10681. Suppose 8109 = 2*o + v. Is o a composite number?
False
Let g(b) = -3*b - 22. Let j be g(-8). Suppose -j*n + 1238 = 4*u, 0 = -4*n + u + 98 + 2387. Let k = n - -340. Is k a composite number?
True
Suppose -4*m + 606382 = 2*q, -22575 = -m + 2*q + 129028. Is m prime?
True
Let n(u) = -2*u + 13 + 30 - 15*u**2 + 41*u**2 + 16*u**2. Is n(6) a prime number?
True
Let t be -3 - 66*(-292)/(-16)*-2. Let i = t - 1439. Is i a prime number?
True
Let o(v) = v + 149. Suppose 4*z = h + 4 + 19, 4*h + 37 = 5*z. Suppose 3*w = -12, -z*q - 3*w = 15 - 3. Is o(q) a prime number?
True
Suppose 0 = 15*p - 14*p - 19. Is (-10)/(-4)*p/((-855)/(-68022)) prime?
True
Let n = 75 + -18. Suppose n*f + 15 = 62*f. Is -1 + -2 + 59 + f + -1 composite?
True
Let l be 114/21 + 9/(-21). Suppose -l*b + 1440 = -2120. Suppose i + 3*i = b. Is i composite?
True
Let l(u) = 38*u**2 + 496*u + 622. Is l(-100) prime?
False
Let u(r) = -196*r - 47. Let m be u(16). Let z = m - -1022. Is -1 + (-2)/(-2) - (z + 0) composite?
False
Let w = -3991 - -6637. Suppose -w = 5*p - 10001. Is p a prime number?
True
Suppose 0 = 5*h - 20, -273893 = -n - h - 3870. Is n a prime number?
False
Let x(g) = -g**3 - 13*g**2 + 40*g + 3. Let r(v) = -31*v - 224. Let u be r(-6). Is x(u) composite?
False
Let p(w) = -136*w**3 + 18*w**2 - 63*w - 242. Is p(-13) prime?
True
Suppose -5*o + 75 = -3*b, -o - 5*b + 68 = 25. Suppose -o*c + 107918 = -93304. Is c prime?
False
Let d be 3 - (-11)/(-7) - 4/(-7). Suppose d*m - k + 2*k - 12933 = 0, -4*k = 3*m - 19387. Is m prime?
True
Let v = -53 - -57. Suppose -v*u + 28 = -2*t + 5*t, -3*t + 2*u = -4. Suppose -2841 = -t*z + 315. Is z a composite number?
True
Let n(p) = 7*p**2 + 7*p + 9. Let x be n(7). Suppose -x + 3 = -k. Suppose 95 = o - k. Is o a prime number?
False
Is ((2 - 0)/(2/2111))/(2/118) a composite number?
True
Let a be (-6)/(-15) - 132/(-20). Suppose a*v = 12674 + 3930. Suppose -515 = -s + v. Is s prime?
True
Suppose 2*l + 2*q - 2 + 0 = 0, -1 = -q. Let o(b) = 199*b - 1195. Let z be o(6). Is (